{"id":121,"date":"2023-01-12T16:05:14","date_gmt":"2023-01-12T16:05:14","guid":{"rendered":"https:\/\/cbb.org.rs\/?page_id=121"},"modified":"2023-05-30T10:11:11","modified_gmt":"2023-05-30T10:11:11","slug":"cesko-pozoriste-u-beogradu","status":"publish","type":"page","link":"https:\/\/cbb.org.rs\/?page_id=121","title":{"rendered":"\u010ce\u0161ko pozori\u0161te u Beogradu"},"content":{"rendered":"\n<p>Mjuzikl \u201cSjaj u polju\u201d \u010ce\u0161kog pozori\u0161ta u re\u017eiji Rastka Jevtovi\u0107a je spreman! Radnja predstave spaja tekstove \u010de\u0161kih i srpskih pisaca kroz de\u0161avanja u Pragu i Beogradu, a zvuk d\u017eeza kao zajedni\u010dka nit povezuje sudbine ova dva grada tokom nacisti\u010dke okupacije i posle nje. U izvo\u0111enju u\u010destvuje najve\u0107i ansambl \u010ce\u0161kog pozori\u0161ta do sad, koji broji tridesetak ljudi, me\u0111u kojima ima i nekoliko umetni\u010dkih profesionalaca.<\/p>\n\n\n\n<figure class=\"wp-block-embed is-type-video is-provider-youtube wp-block-embed-youtube wp-embed-aspect-16-9 wp-has-aspect-ratio\"><div class=\"wp-block-embed__wrapper\">\n<div class=\"epyt-video-wrapper\"><iframe loading=\"lazy\"  id=\"_ytid_98874\"  width=\"731\" height=\"411\"  data-origwidth=\"731\" data-origheight=\"411\" src=\"https:\/\/www.youtube.com\/embed\/WWLE-gvRWEQ?enablejsapi=1&#038;autoplay=0&#038;cc_load_policy=0&#038;cc_lang_pref=&#038;iv_load_policy=1&#038;loop=0&#038;rel=1&#038;fs=1&#038;playsinline=0&#038;autohide=2&#038;theme=dark&#038;color=red&#038;controls=1&#038;disablekb=0&#038;\" class=\"__youtube_prefs__  epyt-is-override  no-lazyload\" title=\"YouTube player\"  allow=\"fullscreen; accelerometer; autoplay; clipboard-write; encrypted-media; gyroscope; picture-in-picture; web-share\" referrerpolicy=\"strict-origin-when-cross-origin\" allowfullscreen data-no-lazy=\"1\" data-skipgform_ajax_framebjll=\"\"><\/iframe><\/div>\n<\/div><\/figure>\n","protected":false},"excerpt":{"rendered":"<p>Mjuzikl \u201cSjaj u polju\u201d \u010ce\u0161kog pozori\u0161ta u re\u017eiji Rastka Jevtovi\u0107a je spreman! Radnja predstave spaja tekstove \u010de\u0161kih i srpskih pisaca kroz de\u0161avanja u Pragu i Beogradu, a zvuk d\u017eeza kao zajedni\u010dka nit povezuje sudbine ova dva grada tokom nacisti\u010dke okupacije i posle nje. U izvo\u0111enju u\u010destvuje najve\u0107i ansambl \u010ce\u0161kog pozori\u0161ta &hellip;<\/p>\n","protected":false},"author":1,"featured_media":0,"parent":0,"menu_order":0,"comment_status":"closed","ping_status":"closed","template":"","meta":{"ngg_post_thumbnail":0,"footnotes":""},"class_list":["post-121","page","type-page","status-publish","hentry"],"_links":{"self":[{"href":"https:\/\/cbb.org.rs\/index.php?rest_route=\/wp\/v2\/pages\/121","targetHints":{"allow":["GET"]}}],"collection":[{"href":"https:\/\/cbb.org.rs\/index.php?rest_route=\/wp\/v2\/pages"}],"about":[{"href":"https:\/\/cbb.org.rs\/index.php?rest_route=\/wp\/v2\/types\/page"}],"author":[{"embeddable":true,"href":"https:\/\/cbb.org.rs\/index.php?rest_route=\/wp\/v2\/users\/1"}],"replies":[{"embeddable":true,"href":"https:\/\/cbb.org.rs\/index.php?rest_route=%2Fwp%2Fv2%2Fcomments&post=121"}],"version-history":[{"count":2,"href":"https:\/\/cbb.org.rs\/index.php?rest_route=\/wp\/v2\/pages\/121\/revisions"}],"predecessor-version":[{"id":165,"href":"https:\/\/cbb.org.rs\/index.php?rest_route=\/wp\/v2\/pages\/121\/revisions\/165"}],"wp:attachment":[{"href":"https:\/\/cbb.org.rs\/index.php?rest_route=%2Fwp%2Fv2%2Fmedia&parent=121"}],"curies":[{"name":"wp","href":"https:\/\/api.w.org\/{rel}","templated":true}]}}