{"id":51,"date":"2020-10-24T18:14:53","date_gmt":"2020-10-24T18:14:53","guid":{"rendered":"https:\/\/cbb.org.rs\/?page_id=51"},"modified":"2020-10-24T18:14:54","modified_gmt":"2020-10-24T18:14:54","slug":"o-udruzenju","status":"publish","type":"page","link":"https:\/\/cbb.org.rs\/","title":{"rendered":"O Udru\u017eenju"},"content":{"rendered":"\n<p><strong>\u010ce\u0161ka beseda Beograd <\/strong>(\u010cesk\u00e1 beseda B\u011blehrad) je udru\u017eenje \u010ceha i njihovih potomaka u Beogradu, kao i prijatel\u0458a \u010ce\u0161ke i \u010ceha.<\/p>\n\n\n\n<p>\u010ce\u0161ka beseda Beograd je dobrovoljno, nevladino i nedobitno udru\u017eenje koje se bavi o\u010duvanjem kulturnog nasle\u0111a, jezika i obi\u010daja \u010ceha u Beogradu.Udru\u017eenje je osnovano 24. februara 1869. godine, i od tada je aktivno u kontinuitetu, osim za vreme dva svetska rata.<br>Naziv Udru\u017eenja, zavisno od politi\u010dkih okolnosti, vi\u0161e puta je menjan: od 1869 do 1885 bio je samo &#8220;\u010ce\u0161ka beseda-\u010cesk\u00e1 beseda&#8221;, od 1885. do 1920. godine je bio &#8221;\u010ce\u0161ko dru\u0161tvo Lumir-\u010cesk\u00fd spolek Lumir&#8221;, od 1920. \u2013 1964. godine &#8221;\u010cehoslova\u010dko udru\u017eenje-\u010ceskoslovensk\u00e1 obec&#8221;, a od 1964. do 2010. godine &#8221;Kulturno-prosvetno dru\u0161tvo \u010ceha i Slovaka u Beogradu- Kulturn\u011b-osv\u011btov\u00e9 sdru\u017een\u00ed \u010cech\u016f a Slov\u00e1k\u016f v B\u011blehrad\u011b&#8221;.\u00a0<\/p>\n\n\n\n<p>Sedi\u0161te udru\u017eenja nalazi se u zgradi <strong>\u010ce\u0161kog doma u Beogradu<\/strong>:<br>Svetozara Markovi\u0107a 79\/I<br>11000 Beograd 6, PAK 111808 Beograd, Srbija<br>+381 64 8787989<br><a href=\"mailto:\">kontakt (a) cbb. org. rs<\/a><\/p>\n","protected":false},"excerpt":{"rendered":"<p>\u010ce\u0161ka beseda Beograd (\u010cesk\u00e1 beseda B\u011blehrad) je udru\u017eenje \u010ceha i njihovih potomaka u Beogradu, kao i prijatel\u0458a \u010ce\u0161ke i \u010ceha. \u010ce\u0161ka beseda Beograd je dobrovoljno, nevladino i nedobitno udru\u017eenje koje se bavi o\u010duvanjem kulturnog nasle\u0111a, jezika i obi\u010daja \u010ceha u Beogradu.Udru\u017eenje je osnovano 24. februara 1869. godine, i od tada &hellip;<\/p>\n","protected":false},"author":2,"featured_media":0,"parent":0,"menu_order":0,"comment_status":"closed","ping_status":"closed","template":"","meta":{"ngg_post_thumbnail":0,"footnotes":""},"class_list":["post-51","page","type-page","status-publish","hentry"],"_links":{"self":[{"href":"https:\/\/cbb.org.rs\/index.php?rest_route=\/wp\/v2\/pages\/51","targetHints":{"allow":["GET"]}}],"collection":[{"href":"https:\/\/cbb.org.rs\/index.php?rest_route=\/wp\/v2\/pages"}],"about":[{"href":"https:\/\/cbb.org.rs\/index.php?rest_route=\/wp\/v2\/types\/page"}],"author":[{"embeddable":true,"href":"https:\/\/cbb.org.rs\/index.php?rest_route=\/wp\/v2\/users\/2"}],"replies":[{"embeddable":true,"href":"https:\/\/cbb.org.rs\/index.php?rest_route=%2Fwp%2Fv2%2Fcomments&post=51"}],"version-history":[{"count":1,"href":"https:\/\/cbb.org.rs\/index.php?rest_route=\/wp\/v2\/pages\/51\/revisions"}],"predecessor-version":[{"id":53,"href":"https:\/\/cbb.org.rs\/index.php?rest_route=\/wp\/v2\/pages\/51\/revisions\/53"}],"wp:attachment":[{"href":"https:\/\/cbb.org.rs\/index.php?rest_route=%2Fwp%2Fv2%2Fmedia&parent=51"}],"curies":[{"name":"wp","href":"https:\/\/api.w.org\/{rel}","templated":true}]}}